o base 4.
201101300102
dba0a (base 15) to base 16
aa4a6
Convert -3544021 (base 6) to base 15.
-39bc4
Convert -54504344 (base 6) to base 7.
-16552030
Convert -301681 (base 10) to base 16.
-49a71
Convert -47104c (base 13) to base 2.
-110011011111101000000
435574 (base 8) to base 10
146300
c65a26 (base 14) to base 7
110643546
35075a (base 12) to base 15
11c354
What is -139184a (base 12) in base 10?
-3922042
Convert 23231222 (base 4) to base 6.
1010042
Convert -11111101011101 (base 2) to base 12.
-9479
What is 1710322 (base 13) in base 14?
dc0b6c
390613 (base 11) to base 3
1011021112022
What is -101226 (base 10) in base 7?
-601056
-2755342 (base 11) to base 8
-22076634
Convert 25315144 (base 8) to base 9.
11500526
908aa38 (base 11) to base 6
1332320414
Convert -115401 (base 10) to base 7.
-660306
-305320042 (base 6) to base 12
-1936022
Convert -3a78982 (base 12) to base 4.
-230101221302
50255262 (base 7) to base 4
33320321013
453558 (base 9) to base 16
4251e
What is -9f4c1 (base 16) in base 13?
-19acab
Convert -114422122 (base 5) to base 10.
-545287
What is -70606 (base 10) in base 15?
-15dc1
Convert -679306 (base 15) to base 12.
-17a3929
3747b4 (base 12) to base 9
1621141
Convert -4451383 (base 9) to base 8.
-11107244
What is 588806 (base 11) in base 15?
136b20
What is -4506481 (base 9) in base 4?
-21100032310
Convert -1100111001010100110010 (base 2) to base 13.
-91491a
2a51726 (base 11) to base 10
5229043
What is -1358475 (base 9) in base 15?
-eb7b2
Convert 674225 (base 9) to base 13.
11176a
Convert -1298216 (base 11) to base 7.
-25002640
2643223 (base 11) to base 2
10001011100010001011100
122414404 (base 5) to base 2
10010000011111101110
What is -2bb649 (base 12) in base 4?
-2312003121
24675566 (base 8) to base 15
7310e9
Convert 572107 (base 8) to base 14.
507b1
What is 264059 (base 10) in base 4?
1000131323
What is -69b64 (base 13) in base 4?
-233020320
Convert -1176c (base 16) to base 4.
-101131230
3532563 (base 11) to base 15
81c4b7
Convert 12002331310 (base 4) to base 5.
401210022
Convert 53683 (base 11) to base 5.
4444030
What is 28a166 (base 14) in base 10?
1410702
What is 31c056 (base 14) in base 7?
20215136
What is 36dba8 (base 14) in base 8?
7133530
371622 (base 8) to base 14
34870
Convert -13235c (base 13) to base 3.
-212110200102
13a8b1c (base 13) to base 14
b88218
107731 (base 16) to base 14
20137b
-18d257c (base 14) to base 3
-212012211201012
Convert 151053202 (base 7) to base 16.
98ca73
Convert -a027 (base 16) to base 15.
-c234
Convert -1010211011 (base 3) to base 2.
-101011111000100
What is -2c2e8 (base 16) in base 11?
-113a67
What is -ccd48e (base 16) in base 15?
-12a2623
Convert 110305145 (base 6) to base 9.
3653512
What is c8b750 (base 13) in base 11?
2727290
What is cb354c (base 13) in base 5?
2210332222
-155503035 (base 6) to base 10
-3352127
Convert -122223123 (base 4) to base 13.
-3a97a
What is 1030523252 (base 6) in base 2?
101001110011101101110000
-3323330 (base 5) to base 14
-171a5
What is -10122020100000 (base 3) in base 6?
-105235343
What is -83836 (base 9) in base 7?
-320250
Convert -221024300 (base 5) to base 10.
-954950
What is -100001001011010011111100 (base 2) in base 9?
-17325136
-baab6 (base 15) to base 6
-20413330
Convert 38cee3 (base 15) to base 10.
2726988
Convert -210031113113 (base 4) to base 6.
-535240035
What is 42511 (base 13) in base 6?
2321121
2162815 (base 11) to base 8
16365321
Convert 1222011200 (base 3) to base 12.
1a523
138608 (base 11) to base 8
646444
What is 358b88 (base 12) in base 3?
1121222111112
1456555 (base 7) to base 12
97361
Convert -59a95 (base 12) to base 9.
-203615
What is -113130333 (base 4) in base 11?
-661a0
Convert -221210021212111 (base 3) to base 9.
-27707774
What is 94bb (base 12) in base 4?
3332033
Convert -210200002022 (base 3) to base 5.
-102122102
Convert 2122002020 (base 3) to base 5.
3124234
What is 1040314424 (base 5) in base 3?
11021122102011
Convert -2646160 (base 8) to base 13.
-1cc05a
-482909 (base 11) to base 15
-101a62
60211 (base 8) to base 2
110000010001001
Convert -163708 (base 12) to base 7.
-3140156
1130414341 (base 5) to base 7
31013255
What is -5330324 (base 7) in base 13?
-19808c
Convert 22fe0f (base 16) to base 5.
1041341023
Convert 1231230321 (base 4) to base 5.
103334322
Convert -255654 (base 9) to base 10.
-155083
Convert -2310314 (base 7) to base 4.
-1012120112
Convert 20431252 (base 6) to base 16.
914f0
Convert 26134 (base 11) to base 12.
197aa
Convert -5505203 (base 6) to base 7.
-2215560
What is 1012110011201022 (base 3) in base 11?
9809a90
What is -1550101 (base 7) in base 15?
-434e4
Convert 1432034 (base 5) to base 13.
10a15
Convert 113233123 (base 5) to base 6.
15122403
-1807a8 (base 16) to base 4
-12000132220
11320310 (base 4) to base 9
36065
112002100012020 (base 3) to base 4
130203230202
101110010110101001 (base 2) to base 3
100122110001
-10111000111101110000110 (base 2) to base 8
-27075606
-100100101011110010 (base 2) to base 8
-445362
What is -1312002210 (base 4) in base 9?
-816203
536535 (base 7) to base 15
1cacc
3115264 (base 7) to base 14
9a434
What is 4a2a9b (base 14) in base 9?
4705351
What is -22112223303 (base 4) in base 3?
-12002220101200
Convert cc982 (base 13) to base 5.
43330343
100100100000000001111 (base 2) to base 16
12400f
What is 1012203 (base 4) in base 6?
32523
Convert 116783 (base 9) to base 7.
412623
Convert -33e14 (base 15) to base 8.
-502461
Convert -aa26d4 (base 15) to base 6.
-445442231
Convert 100203333 (base 4) to base 6.
1242023
What is 230233401 (base 5) in base 3?
1221000222022
416927a (base 12) to base 7
206554420
244ed2 (base 16) to base 12
969016
What is -10102030 (base 5) in base 16?
-13e6b
-10342324 (base 6) to base 5
-34342004
What is -1b95c9 (base 13) in base 5?
-140044442
6471703 (base 9) to base 8
15175304
-1421433032 (base 5) to base 2
-1110000111110111111011
Convert 44645051 (base 7) to base 4.
32302201211
-a16036 (base 12) to base 16
-2671aa
-787277 (base 9) to base 4
-1303001332
What is 3611301 (base 8) in base 2?
11110001001011000001
443720b (base 12) to base 11
7389569
2243200443 (base 5) to base 12
1838400
Convert 84200a (base 15) to base 4.
113332033210
1999636 (base 11) to base 5
1330144113
-46070 (base 13) to base 6
-2422205
-14415510 (base 7) to base 8
-5153347
Convert 116136032 (base 7) to base 13.
1693c73
What is -15665e (base 15) in base 12?
-41a5a5
Convert -36663 (base 11) to base 15.
-10939
Convert 18a082 (base 15) to base 3.
2020212200112
What is 419a673 (base 11) in base 3?
111220121112111
-220022023 (base 4) to base 12
-7b237
Convert -34466032 (base 8) to base 10.
-7498778
Convert -7d435d (base 14) to base 15.
-596d9d
-2ba34 (base 16) to base 15
-37e60
Convert 1441000 (base 5) to base 6.
354210
What is -1021220010100 (base 3) in base 16?
-a7ad8
What is -79c69 (base 14) in base 15?
-5cabd
What is 101001100111111000100111 (base 2) in base 15?
e57e81
-1062064 (base 7) to base 10
-132787
Convert -2100244 (base 5) to base 9.
-52226
32981 (base 12) to base 3
10101222121
What is 51847 (base 11) in base 8?
223443
Convert -1041434 (base 5) to base 13.
-8490
-3d5a7 (base 15) to base 12
-96034
What is 105633 (base 8) in base 9?
54020
What is 2916863 (base 10) in base 12?
b87bbb
d770 (base 14) to base 11
259a6
What is -2c6655 (base 15) in base 10?
-2147930
Convert -143311231 (base 5) to base 7.
-6314205
Convert 2372468 (base 11) to base 5.
2024210412
10023134414 (base 5) to base 3
200202202020201
What is 121002211000000 (base 3) in base 5?
4142332320
-401204013 (base 5) to base 9
-2875041
Convert 2b2e1 (base 16) to base 6.
3442453
Convert -101200102020200 (base 3) to base 8.
-25517547
What is -312134304 (base 5) in base 8?
-4721255
What is -1575d4 (base 15) in base 8?
-3752211
11487337 (base 9) to base 3
101112221101021
What is -4b9850 (base 16) in base 4?
-102321201100
Convert 8105527 (base 10) to base 6.
445421331
-57f5f (base 16) to base 13
-c7cb5
-1033150 (base 6) to base 14
-14974
4a0b2 (base 14) to base 4
230100030
Convert -3134201211 (base 5) to base 6.
-352243214
Convert 120120201022100 (base 3) to base 12.
2934260
What is 24200332 (base 6) in base 16?
ba140
-10001101001000011011011 (base 2) to base 13
-c5bc69
Convert 6275836 (base 9) to base 12.
115a859
Convert -1678209 (base 10) t